037
List the prime factors of 20753246.
2, 10376623
What are the prime factors of 3598005?
3, 5, 23, 10429
List the prime factors of 1307784.
2, 3, 29, 1879
What are the prime factors of 274656?
2, 3, 2861
What are the prime factors of 2136752?
2, 83, 1609
List the prime factors of 247416.
2, 3, 13, 61
List the prime factors of 3454567.
29, 139, 857
What are the prime factors of 1100182?
2, 23, 23917
List the prime factors of 15541054.
2, 23, 131, 2579
What are the prime factors of 1997277?
3, 151, 4409
List the prime factors of 8717034.
2, 3, 1452839
List the prime factors of 1213138.
2, 606569
What are the prime factors of 2538602?
2, 11, 23, 29, 173
List the prime factors of 313949.
313949
What are the prime factors of 11917426?
2, 127, 46919
List the prime factors of 201784.
2, 11, 2293
What are the prime factors of 225434?
2, 11, 10247
What are the prime factors of 174439?
19, 9181
What are the prime factors of 718283?
223, 3221
What are the prime factors of 1834400?
2, 5, 2293
What are the prime factors of 166407?
3, 55469
List the prime factors of 4244506.
2, 7, 113, 2683
List the prime factors of 11399940.
2, 3, 5, 31, 227
What are the prime factors of 110421?
3, 12269
What are the prime factors of 101297?
7, 29, 499
What are the prime factors of 4553269?
7, 257, 2531
What are the prime factors of 2414938?
2, 19, 103, 617
List the prime factors of 958615.
5, 7, 61, 449
List the prime factors of 621674.
2, 31, 37, 271
What are the prime factors of 1975399?
1975399
What are the prime factors of 23710841?
7, 11, 19, 853
List the prime factors of 3581874.
2, 3, 113, 587
What are the prime factors of 14607765?
3, 5, 324617
List the prime factors of 85731.
3, 17, 41
List the prime factors of 293704.
2, 36713
What are the prime factors of 1200604?
2, 300151
What are the prime factors of 19040276?
2, 4760069
List the prime factors of 1136796.
2, 3, 61, 1553
List the prime factors of 1332329.
1332329
List the prime factors of 1999775.
5, 41, 1951
List the prime factors of 9745658.
2, 13, 17, 1297
What are the prime factors of 1237550?
2, 5, 53, 467
List the prime factors of 10970509.
11, 997319
What are the prime factors of 56370?
2, 3, 5, 1879
What are the prime factors of 353581?
47, 7523
List the prime factors of 2999789.
13, 29, 73, 109
List the prime factors of 1734944.
2, 54217
What are the prime factors of 334412?
2, 13, 59, 109
What are the prime factors of 61978?
2, 7, 19, 233
List the prime factors of 23531705.
5, 4706341
What are the prime factors of 25086299?
7, 3583757
What are the prime factors of 254166?
2, 3, 11, 3851
List the prime factors of 2011807.
7, 31, 73, 127
What are the prime factors of 5709887?
5709887
What are the prime factors of 2337193?
2337193
List the prime factors of 39709.
39709
What are the prime factors of 202362?
2, 3, 29, 1163
What are the prime factors of 8842845?
3, 5, 11, 53593
What are the prime factors of 29072163?
3, 9690721
What are the prime factors of 1882242?
2, 3, 53, 1973
What are the prime factors of 177239?
177239
What are the prime factors of 1034443?
1034443
What are the prime factors of 420988?
2, 17, 41, 151
What are the prime factors of 1569065?
5, 31, 53, 191
List the prime factors of 7922672.
2, 23, 21529
List the prime factors of 4698257.
317, 14821
What are the prime factors of 7096502?
2, 7, 506893
What are the prime factors of 5191633?
127, 40879
What are the prime factors of 148495?
5, 17, 1747
What are the prime factors of 1926958?
2, 11, 87589
What are the prime factors of 1042135?
5, 257, 811
List the prime factors of 33591804.
2, 3, 71, 89, 443
List the prime factors of 436521.
3, 227, 641
What are the prime factors of 12488573?
37, 337529
What are the prime factors of 579823?
19, 30517
What are the prime factors of 104619?
3, 43, 811
What are the prime factors of 7100444?
2, 13, 136547
What are the prime factors of 41244224?
2, 7, 43, 2141
List the prime factors of 12658622.
2, 6329311
What are the prime factors of 1332157?
113, 11789
List the prime factors of 237439.
17, 13967
What are the prime factors of 10401471?
3, 389, 2971
List the prime factors of 5469053.
17, 321709
What are the prime factors of 2355380?
2, 5, 29, 31, 131
What are the prime factors of 2035013?
2035013
What are the prime factors of 331621?
53, 6257
List the prime factors of 4969770.
2, 3, 5, 13, 12743
List the prime factors of 4949691.
3, 29, 56893
What are the prime factors of 16420426?
2, 11, 67853
List the prime factors of 404251.
404251
List the prime factors of 911600.
2, 5, 43, 53
List the prime factors of 34968.
2, 3, 31, 47
List the prime factors of 25944495.
3, 5, 1729633
What are the prime factors of 1548553?
1548553
List the prime factors of 12003926.
2, 11, 49603
What are the prime factors of 497938?
2, 7, 5081
List the prime factors of 2963832.
2, 3, 123493
List the prime factors of 568779.
3, 189593
List the prime factors of 2341450.
2, 5, 46829
List the prime factors of 333279.
3, 19, 1949
List the prime factors of 2388509.
19, 125711
List the prime factors of 1539874.
2, 7, 19, 827
What are the prime factors of 3530014?
2, 313, 5639
What are the prime factors of 274867?
274867
List the prime factors of 849265.
5, 29, 5857
What are the prime factors of 810933?
3, 270311
List the prime factors of 12832938.
2, 3, 107, 2221
List the prime factors of 12370772.
2, 269, 11497
List the prime factors of 954050.
2, 5, 19081
What are the prime factors of 1117660?
2, 5, 29, 41, 47
List the prime factors of 88983.
3, 9887
What are the prime factors of 123319?
7, 79, 223
What are the prime factors of 853314?
2, 3, 7, 11, 1847
What are the prime factors of 587584?
2, 9181
List the prime factors of 2848012.
2, 47, 15149
What are the prime factors of 375270?
2, 3, 5, 7, 1787
List the prime factors of 21808794.
2, 3, 7, 519257
List the prime factors of 277901.
13, 21377
List the prime factors of 5412582.
2, 3, 7, 37, 43
What are the prime factors of 2540878?
2, 181, 7019
List the prime factors of 1644914.
2, 23, 35759
What are the prime factors of 978312?
2, 3, 40763
List the prime factors of 364999.
383, 953
What are the prime factors of 24101?
7, 11, 313
What are the prime factors of 29334403?
7, 4190629
List the prime factors of 427760.
2, 5, 5347
What are the prime factors of 3386716?
2, 67, 12637
List the prime factors of 232549.
232549
What are the prime factors of 254265?
3, 5, 11, 23, 67
What are the prime factors of 1532563?
29, 43, 1229
What are the prime factors of 16654?
2, 11, 757
List the prime factors of 78710.
2, 5, 17, 463
List the prime factors of 1270684.
2, 317671
What are the prime factors of 2600733?
3, 419, 2069
List the prime factors of 462489.
3, 31, 4973
What are the prime factors of 239582?
2, 7, 109, 157
What are the prime factors of 142551?
3, 47, 337
List the prime factors of 6274251.
3, 97, 7187
List the prime factors of 2273860.
2, 5, 41, 47, 59
What are the prime factors of 456424?
2, 59, 967
List the prime factors of 241643.
241643
List the prime factors of 133492.
2, 23, 1451
What are the prime factors of 2555226?
2, 3, 15773
List the prime factors of 7540182.
2, 3, 13, 23, 467
List the prime factors of 29230.
2, 5, 37, 79
List the prime factors of 432424.
2, 191, 283
List the prime factors of 987665.
5, 7, 28219
List the prime factors of 372366.
2, 3, 137, 151
What are the prime factors of 2770477?
337, 8221
List the prime factors of 2036602.
2, 1018301
List the prime factors of 9997347.
3, 439, 7591
List the prime factors of 145673.
11, 17, 19, 41
What are the prime factors of 13322027?
53, 251359
What are the prime factors of 4532474?
2, 2266237
List the prime factors of 345962.
2, 172981
List the prime factors of 3435769.
3435769
List the prime factors of 25016.
2, 53, 59
What are the prime factors of 21315596?
2, 61, 87359
What are the prime factors of 119321?
119321
What are the prime factors of 4558047?
3, 13, 73, 1601
List the prime factors of 353595.
3, 5, 11, 2143
What are the prime factors of 5915174?
2, 107, 131, 211
What are the prime factors of 6394440?
2, 3, 5, 13, 4099
What are the prime factors of 1543136?
2, 7, 83
What are the prime factors of 175741?
43, 61, 67
What are the prime factors of 3130435?
5, 7, 11, 47, 173
What are the prime factors o